ed by m.
8
Let u(d) = 515*d + 16. Suppose 10 + 4 = 14*h. Calculate the remainder when u(h) is divided by 76.
75
Let i(t) = 2*t**2 + 2*t + 29. What is the remainder when 461 is divided by i(3)?
37
What is the remainder when 442 is divided by ((-45)/(-27))/((-5)/(-183)) - (-6)/(-1)?
2
Suppose 8*t - 7*t - 11 = 0. Let z = 18 - 18. Suppose z = -2*b - b + 57. What is the remainder when b is divided by t?
8
Suppose -502 + 172 = -22*k. What is the remainder when 20 + 193 + (k - -3)/3 is divided by 10?
9
Suppose 11*m = 3*m + 313 + 3239. What is the remainder when 1344 is divided by m?
12
Suppose -4*m + 7 = -3*k, 4*k - k - 25 = -4*m. Suppose 0 = -5*w - 4*f + 66, -2*f = -2*w - k + 15. Calculate the remainder when 105/6*(-8)/(-5) is divided by w.
8
Suppose 11 = -h + 2*h. Suppose -7*p + 206 = 1536. What is the remainder when (-5928)/p + (1 - (-12)/(-10)) is divided by h?
9
Let g = -60 - -102. Let f = 76 - g. Suppose f = 8*b - 6*b. What is the remainder when b is divided by 9?
8
Suppose -5*a - 4*m + 3687 = 0, m = 5*a - 6*a + 737. Calculate the remainder when a is divided by 53.
50
What is the remainder when (-77)/(-4 - 7) - -1069 is divided by 2?
0
Let g = 63145 + -63137. Let x = 1 + 0. Let k = x + 4. What is the remainder when g is divided by k?
3
Suppose 4*a - 3*a - 333 = -h, 3 = -h. Calculate the remainder when a is divided by 85.
81
What is the remainder when (-1 + 47 + 1)*(18 - (20 + -6)) is divided by (-2 + (65 - -2))*1?
58
Suppose 99*y + 84*y = 32025. Calculate the remainder when 341 is divided by y.
166
Suppose 62 = 5*r - 68. Let d = r + -20. What is the remainder when (-4)/12 + 80/d is divided by 4?
1
Suppose -4*y = z - 677, 4*y = -0*y - 2*z + 682. Calculate the remainder when 4*1*7/4 is divided by (1/(-4))/((-6)/y).
0
Let s = -29035 - -34831. Calculate the remainder when s is divided by 40.
36
Let n be 12/(-3)*25/20. Let l = 9 + n. Suppose 43*m - 862 + 303 = 0. Calculate the remainder when m is divided by l.
1
Let j = 27 + 2. Suppose j*n = 25*n + 20. What is the remainder when 23 is divided by n?
3
Let m = 4477 - 4440. Calculate the remainder when 841 is divided by m.
27
Suppose 6367 - 6402 = -5*u + i, 9 = -u - 3*i. Calculate the remainder when 204 is divided by u.
0
Suppose -4*s + 246 = 2*s. Suppose -s*b = -474 - 1207. What is the remainder when 140 is divided by b?
17
Suppose -3*q + q = -u - 22, 2*q + 5*u + 2 = 0. Calculate the remainder when (-279)/6*3*(-12)/q is divided by 11.
10
Let h(b) = 38*b**3 + 20*b**2 - 60*b + 5. Calculate the remainder when h(3) is divided by 5.
1
Let d = -9346 - -9471. What is the remainder when d is divided by 118?
7
Let f = -168 + 281. Let q = -76 + f. Let s(u) = 3*u**3 + 86*u**2 + 47*u + 2218. Calculate the remainder when q is divided by s(-29).
9
Suppose 16*m + 5*m - 63 = 0. Suppose -m*g = 5*w - 125, -3*g + 66 = 3*w - 57. Calculate the remainder when g is divided by 10.
0
Suppose -168*b = -5*z - 171*b + 290, -2*b - 100 = -2*z. Calculate the remainder when 665 is divided by z.
5
Let x(j) = j**3 - 3*j**2 - 39*j + 40. Calculate the remainder when 7917 is divided by x(8).
45
Let f = 2177 - 1817. What is the remainder when f is divided by 13?
9
Let r = 1353 + -1336. What is the remainder when 1642 is divided by r?
10
Let h(x) = -22*x + 130. Let q be h(6). What is the remainder when q/7 + 2584/28 is divided by 26?
14
Let r(b) = -25*b**3 + 2*b**2 + 6*b + 4. Let g(a) = -2*a**3 - a**2 - a - 1. Let i(j) = -4*g(j) - r(j). Calculate the remainder when 295 is divided by i(1).
31
What is the remainder when 13 + -16 + -7 - -1918 is divided by 147?
144
Let s(w) = 3*w**2 + 4*w - 5. What is the remainder when s(-6) is divided by (((-323)/51)/(-19))/((-4)/(-252))?
16
Let j(h) = -h**3 + 26*h**2 - 26*h + 78. Suppose 4*i + l - 118 = -16, 8 = 4*l. What is the remainder when j(i) is divided by 14?
11
Let k(i) = -i**2 - 51*i - 598. What is the remainder when 119 is divided by k(-31)?
9
Let c = 611 + -220. Suppose 5*v - 5*d - c = 544, d = -4*v + 768. Calculate the remainder when v is divided by 40.
31
Calculate the remainder when 472 is divided by 7 - ((-10)/3 + 3)/(9/3348).
79
What is the remainder when (-2138)/(-6) - ((-1)/(-39) + 176/572) is divided by 20?
16
Suppose 9*p = 6*p + 120. Suppose -p = -r + 31. Let g = -387 - -411. Calculate the remainder when r is divided by g.
23
Suppose -553*p + 1105*p = 551*p + 440. What is the remainder when p is divided by 222?
218
Suppose 2*b - 202 = -4*i, -2*b = 847*i - 842*i - 254. What is the remainder when 3376 is divided by i?
48
Suppose -5*g - 4*z = -87, 0*z - z = 6*g - 112. Calculate the remainder when 132 is divided by g.
18
Calculate the remainder when 81435/(-178)*16/(-10) is divided by 46.
42
Suppose -262 = -163*d + 158*d - 2*b, 0 = 5*d + 5*b - 280. What is the remainder when d is divided by 29?
21
Suppose 0*q = q - 3*z - 19, 3*z - 41 = -5*q. Suppose -2*d = q, 3*o - 68 - 5 = 5*d. What is the remainder when 110 is divided by o?
14
Let z(h) = 29*h + 17. Calculate the remainder when 283 is divided by z(4).
17
Let g be (-1702)/(-3) + (1 - (-3)/(-9)). Suppose 0 = 11*c + 205 - g. What is the remainder when c is divided by 9?
6
Let a(k) = -8*k + 13. Let i be 27/12*(-55 - -3). Let h = i - -112. Calculate the remainder when 105 is divided by a(h).
52
What is the remainder when 2650 is divided by ((-2)/(-6))/((-2)/(-9) + (-32)/160)?
10
Suppose -h + 86 = 12. Calculate the remainder when h is divided by (-95)/76 + 5 + -36*3/96*-10.
14
What is the remainder when 24 is divided by 70/18 - (-86)/774?
0
Suppose 1183 = 2*c - 5*m, -3*c + 21*m = 17*m - 1764. Calculate the remainder when c is divided by 200.
184
Suppose 4*j = 3*j + 43. Calculate the remainder when j is divided by (-1339)/(-78) + (-15)/90.
9
Let r = 17 - -76. Calculate the remainder when 1876 is divided by r.
16
Suppose -a + 504 = 3*l, 0 = 7*l - 2*l - 4*a - 823. Suppose -471*s = -493*s + 286. What is the remainder when l is divided by s?
11
Let f(a) = -a**3 - 41*a**2 + 85*a - 31. Let w be f(-43). Calculate the remainder when 151 is divided by (-28)/w*-12 + -4 + 0.
7
Suppose 0 = -f + 4*d + 284, -286*f - 5*d = -289*f + 845. Calculate the remainder when f is divided by 11.
5
Let z(u) = u**2 + 9*u + 1. Let n be z(-14). Suppose 4*i = 3*x + 3*i - 52, n = 4*x - i. Calculate the remainder when 185 is divided by x.
14
Suppose s - 2*h = 8, -4*s = 5*h + 7 - 0. Suppose -4*i = -s*g - 48, -5*i - 4*g - g + 90 = 0. What is the remainder when 79 is divided by (-38)/(-5) + i/35?
7
Let n(o) = -3*o - 50. Let l be n(-20). Let p be (-8)/(-20) + 116/l. Suppose -1 = 3*m + 11, -3*b = 3*m - p. Calculate the remainder when 29 is divided by b.
5
Let h be ((-7)/14)/((-2)/676). Let i = h + -148. What is the remainder when 60 is divided by i?
18
Calculate the remainder when 303 - 1 - 896/(-56) is divided by 85.
63
Let d = 18857 + -14787. What is the remainder when d is divided by 69?
68
Let i = -26 - -62. Let w = 34 + i. Suppose w = 5*y + 5*y. Calculate the remainder when 17 is divided by y.
3
Let t(f) = -f**2 + 21*f + 77. Calculate the remainder when ((-2)/(-6))/(5*2/3690) is divided by t(23).
30
Suppose -10005 = 2*q - 17*q. Calculate the remainder when q is divided by 42.
37
Suppose -1429*p + 1416*p = -754. What is the remainder when 462 is divided by p?
56
Let b be 0/(2*3/6). Suppose 2*v - 185 - 59 = b. Let a(w) = 3*w**2 + 7*w + 11. What is the remainder when v is divided by a(-4)?
29
Let i be ((-5)/(-3))/(3/(5 + 4)). Suppose 5*q - 103 = -2*b, -i*q = -4*b - q + 192. Calculate the remainder when 242 is divided by b.
46
Suppose 3*k - 95 = 2*d, -2*k + 40 = -4*d - 34. Let w(a) = -11*a + 110. Let n be w(-15). Let x = n + -132. Calculate the remainder when x is divided by k.
27
Suppose 389*i - 346*i - 24037 = 0. What is the remainder when i is divided by 27?
19
Suppose -l - 4025 = -3*t, -17*l + 14*l = 6. What is the remainder when t is divided by 21?
18
Let b = 478 + -339. Calculate the remainder when b is divided by 65.
9
Suppose -w - 3*b - 45 - 29 = 0, 4*b = -16. Suppose -94 = -n - 3*q, -q + 60 - 410 = -4*n. Let v = n + w. Calculate the remainder when v is divided by 6.
2
Let o = 7130 - 5811. What is the remainder when o is divided by 15?
14
Let q(s) = 31*s + 1. Let k be (4/18)/(-4*2/(-72)). Suppose 5*f = c + 470, k*f - 5*c = 22 + 189. Calculate the remainder when f is div